inder when h is divided by s.
15
Let m(i) = 11 - i**2 - i**3 - i**2 - i + 9*i + i**2. Let w be m(-3). Suppose -48 = -w*q + 17. Calculate the remainder when 48 is divided by q.
9
Let a = 1284 - 764. What is the remainder when a is divided by 132?
124
Suppose 2*k - 3*k + 307 = 3*h, -h - k = -103. Suppose -4*x = -2*m + 41 + 67, 4*m - 210 = 2*x. Calculate the remainder when h is divided by m.
50
Suppose 4*f = -35321 + 37429. What is the remainder when f is divided by 39?
20
Let r(g) = -97*g - 1594. What is the remainder when r(-43) is divided by 30?
27
Let d(l) = -4*l**2 + 38*l - 158. Let w be d(7). What is the remainder when 682/3 + w/12 + 8 is divided by 59?
51
Suppose 4*a = -3*d + 1090, 3*a + 69 = 3*d + 876. Suppose 2*t + 2*x = 144, 140 = 2*t + 3*x - 2*x. What is the remainder when a is divided by t?
67
Suppose -2*a + 3*b + 564 = 0, a + 2*b = -210 + 485. Calculate the remainder when a is divided by 110.
59
Let z = 17 + -2. Suppose -49*x + z = -46*x. Suppose 13 = -x*i + 58. Calculate the remainder when i is divided by 3.
0
Let f(c) = -51*c**2 - 706*c + 8. What is the remainder when f(-13) is divided by 41?
34
Suppose -1088 = -54*j - 39*j + 4306. Calculate the remainder when 239 is divided by j.
7
Suppose -15*m + 14*m = 217. Let b = m - -277. What is the remainder when b is divided by 21?
18
Calculate the remainder when 1075 is divided by 183348/726 + 12/(-22).
67
Let w be 1/(-2)*(-168 + -16). Suppose 5*r - 262 = -2*p, 0*p + w = 2*r + 4*p. What is the remainder when 105 is divided by r?
51
Let s(d) = -d**3 - 2*d**2 + 8*d + 45. Let g be s(-7). Suppose 7*q + 6*q = g. What is the remainder when 43 is divided by q?
7
Let k(t) = t**2 + 46*t + 535. What is the remainder when 19578 is divided by k(-19)?
20
Suppose 11134 = 27*l - 1097. What is the remainder when l is divided by 89?
8
Let a(r) = r**3 + 7*r**2 + 3. Let m be a(-7). Suppose 2*f = -m*x - 12, 2*x = -2*f - 12 + 2. What is the remainder when 3 + (123/(-6) - 1)*x is divided by 8?
6
Let f = 7141 - 5065. What is the remainder when f is divided by 40?
36
Let d(z) = 34*z + 214. Let x(t) = -t**3 + 5*t**2 + 13*t + 1. Let j be x(7). What is the remainder when 44 is divided by d(j)?
4
Calculate the remainder when 1753 is divided by (-186)/496 - (-4 - 273/24).
13
Calculate the remainder when 1092 is divided by 4/22 - 2066750/(-3850).
18
Suppose 8*v = 3*v + 25. Let k be ((-40)/(-28))/v + (-344)/28. What is the remainder when k/(-4) - 6 - -135 is divided by 15?
12
Let r be -2 - (1 + -6 - 154). Let x = r - 136. What is the remainder when 74 is divided by x?
11
Let j = 429 - 187. Suppose 3*h - 280 = j. Suppose 8*m = 6*m + h. Calculate the remainder when m is divided by 15.
12
Suppose u - 375 + 1576 = 4*r, 3*u + 303 = r. Calculate the remainder when r is divided by 24.
12
Let x = 12214 + -12081. What is the remainder when 365 is divided by x?
99
Let y = 3228 + -2588. Calculate the remainder when y is divided by 107.
105
Let u(i) = -3*i**2 + 111*i + 47. Let z be u(35). Let k = z - 235. What is the remainder when k is divided by 9?
4
Suppose 77*k - 1911 = 28*k. What is the remainder when 463 is divided by k?
34
Suppose -4*c + 2*i + 882 = 0, 3*c - 7*c + 3*i + 885 = 0. Suppose -46*h - 328 = -1149 - 329. Calculate the remainder when c is divided by h.
19
Calculate the remainder when -8 + (-3182)/(-6) + (-1)/((-6)/(-8)) is divided by 114.
65
What is the remainder when 60 + 174 + 15/(-3) + 0 is divided by 115?
114
Suppose -2*w + 5*z + 2 = -23, 5*z = -w + 20. Suppose w*u - 1818 = -423. Calculate the remainder when u is divided by 28.
9
Let j(i) = -6*i - 15. Let l(n) = 5*n + 14. Let w be (-3)/(-6)*(-2 - 4). Let s(h) = w*l(h) - 2*j(h). What is the remainder when 31 is divided by s(-7)?
4
Let m be 3 + 48/(-6) + 3 + 322. Suppose 5*d - 3*a - 729 = 0, -2*d - 3*a + m - 20 = 0. What is the remainder when d is divided by 32?
19
Let z = -202 + 226. Suppose -189 = -z*n - 21. Calculate the remainder when 32 is divided by n.
4
Suppose 5*y + 4*k - 50 = 0, y + 0*k - 9 = -k. Suppose y*a = 91 + 77. Calculate the remainder when 32 is divided by a.
8
Let g be (-2 + 1)/(83/(-2158)). Let h(a) = -11*a**2. Let x be h(-1). Let z = x + g. What is the remainder when 43 is divided by z?
13
Suppose -528*f + 529*f - 10 = -3*h, h = 4*f - 105. Calculate the remainder when 250 is divided by f.
0
Suppose 0 = 386*f - 387*f + 45. What is the remainder when 659 is divided by f?
29
Let k(b) = b**2 - b - 8. Let y = 252 - 170. Let g = y - 42. What is the remainder when g is divided by k(6)?
18
Let k = 15106 + -13703. Calculate the remainder when k is divided by 456.
35
Suppose -2*r + 2 + 6 = 5*b, 2*b = -3*r + 45. What is the remainder when 821 is divided by r?
4
Let p(h) = 2*h**2 - 15*h - 1. Let s be ((-8)/10)/((-48)/(-120)). Calculate the remainder when 330 is divided by p(s).
34
Let p be 36/(-1)*(-150)/24. Suppose -5*t - 5*b = -110, -3 - 13 = -4*b. Suppose t*z = 21*z - p. What is the remainder when z is divided by 39?
36
Let a = 21606 - 18691. Calculate the remainder when a is divided by 20.
15
Calculate the remainder when 19583 is divided by (4/14)/(150/53480) - 44/(-330).
101
Let l(z) be the second derivative of -11*z**3/6 + 61*z**2/2 + z - 2. What is the remainder when l(-16) is divided by 20?
17
Let b = -10546 + 11598. Calculate the remainder when b is divided by 6.
2
Let z(a) = -5*a + 60. Let s be z(12). What is the remainder when (s - (-4)/10) + (-3388)/(-55) is divided by 25?
12
Suppose -f = -3*s - 56, 0 = -s - 20 + 17. What is the remainder when 318 is divided by f?
36
Let c(d) = 36*d**2 - 434*d - 24. Calculate the remainder when c(13) is divided by 213.
205
Let q(i) = -i**3 - 2*i**2 + 6*i + 6. Let l(v) = -v**2 + 94*v + 27446. What is the remainder when q(-7) is divided by l(-125)?
67
Calculate the remainder when (-2 - 0)*2*(-28434)/56 is divided by 8.
7
Suppose 0 = -v + 5*r + 405, 3*r = 2*r - 1. Suppose 5*a + 85 = v. Let o = 696 - 671. What is the remainder when a is divided by o?
13
Calculate the remainder when 532 is divided by 17 + (-130)/10 + 9.
12
Calculate the remainder when 6/(-1*6 + 81328/13524) is divided by 12.
9
Let t be (-6 + (-6)/(-2) - 0)*-8. Suppose -t*d + 1092 = -60. What is the remainder when 237 is divided by d?
45
Suppose 0 = 3*u + 5*q + 899, -2*u + 2*q - 302 = 276. Let i = 370 + u. Calculate the remainder when 307 is divided by i.
76
Calculate the remainder when 545 is divided by 6 - 18/(4 - (-57)/(-12)).
5
Let p = 102001 - 101990. Suppose -4*g = -g - 288. What is the remainder when g is divided by p?
8
Let d(h) = h**3 + 59*h**2 - 325*h - 294. What is the remainder when 182 is divided by d(-64)?
0
Let x(k) = 2*k**2 + 33*k - 321. What is the remainder when x(-25) is divided by 31?
11
Let t(n) = -n**2 + 30*n - 59. What is the remainder when t(10) is divided by ((-261)/(-15))/(-3)*-5?
25
Let x = -1894 - -1954. Calculate the remainder when 265 is divided by x.
25
Calculate the remainder when (-116)/(-4524) - 104984/(-156) is divided by 114.
103
Suppose l - 9 = 0, 0 = -11*o - 57*l + 52*l + 331. Let v = 141 + -91. Calculate the remainder when v is divided by o.
24
Let w be ((-8)/10)/(-3 - (-52)/20). Suppose 6*y = 11*y - 3*d - 11, 2*d + 2 = -w*y. What is the remainder when (1 - -1)*(0/y - -43) is divided by 15?
11
Let n = 406 + -271. Suppose 36 + 68 = 2*w. What is the remainder when w is divided by 274/10 - n/(-225)?
24
Let u = 31 - 6. Suppose -458 = -2*f - m, -11*f + 1145 = -6*f + 4*m. Let a = f + -196. What is the remainder when a is divided by u?
8
Let f(s) = -s**3 + 7*s**2 - 5*s - 6. Let u be f(6). Calculate the remainder when (7 - u)*(-1)/(-1) is divided by (-12*(-11)/88)/(2/4).
1
Let n(h) = -h**3 + 14*h**2 - 12*h - 30. Let a be n(11). Let b = -106 + a. What is the remainder when b is divided by 34?
27
Suppose -4*m + 4 = y - 2, -m = 4*y - 9. Suppose -y*a = a - 42. Calculate the remainder when ((-3)/(-6))/(41/1558) is divided by a.
5
Let x = -51 - -324. Let r = x - 249. What is the remainder when 215 is divided by r?
23
Suppose 0 = 5*v - 25, -4*a - 2*v - 1564 = 2*v. Let y = a + 440. Calculate the remainder when 175 is divided by y.
43
Suppose 10487*x - 10558*x = -111967. Calculate the remainder when x is divided by 99.
92
Let b be 62*-1*-1 + 2. Let l = b - 64. Suppose 3*a - 7*a + 164 = l. What is the remainder when a is div